sor of d and t.
10
Let b(a) = -2*a**2 + 63*a - 445. Let o be b(19). What is the greatest common factor of 642 and o?
6
Let w(o) = -o**3 + 6*o**2 + 12*o + 27. Let m be w(6). Let n = -228 - -360. Calculate the greatest common factor of m and n.
33
Let s be (4496/(-32) + (-4 - 1))*-12. Calculate the greatest common divisor of 162 and s.
18
Let t be (8/(-1))/((-18)/225). Suppose -3*q - 19*l + 16*l + 57 = 0, 0 = 4*l + 4. Calculate the highest common divisor of q and t.
20
Let o(i) = -152*i + 958. Let l be o(5). Calculate the greatest common divisor of 90 and l.
18
Let t(p) = p**3 - 24*p**2 + 58*p - 69. Let v be t(25). Calculate the greatest common factor of v and 34.
34
Let g(d) = 12*d - 49. Let f be g(4). Let h be (18/(-10))/(f/(675/9)). Calculate the highest common divisor of h and 5.
5
Let o(r) = -91*r - 1. Let f be o(-1). Let g(u) = 56*u**2 - 5*u - 37. Let b be g(-3). Let a = 492 - b. What is the greatest common factor of f and a?
10
Let t(j) = 15*j + 119. Let z be t(-19). Let w = 326 + z. Suppose -2*i = -3*i + 16. What is the greatest common divisor of w and i?
16
Let o = -1103 - -1511. What is the greatest common factor of 51 and o?
51
Let x = 21 - -33. Let z(p) = -p - 53. Let b be z(-23). Let o(j) = j**2 + 28*j - 42. Let n be o(b). Calculate the highest common factor of n and x.
18
Suppose -5*l = -20, -2*l - 649 = 3*f + 3*l. Let u = 250 + f. What is the highest common divisor of u and 45?
9
Let t = 3 + 12. Let n be (-2 + t)/(2*5/50). What is the greatest common divisor of n and 39?
13
Let x(o) = o - 38. Let u be x(21). Let q = 40 + u. Suppose -q*m + 22*m + 15 = 0. What is the highest common factor of 10 and m?
5
Let w = 13281 + -12948. What is the greatest common divisor of w and 703?
37
Let w(q) = q + 15. Let p be w(-13). Suppose 12 = p*j + 4. Let f(c) = 2*c**2 - 62*c + 174. Let i be f(28). Calculate the highest common divisor of i and j.
2
Suppose -11*d + 106470 = 33*d + 86*d. Calculate the highest common factor of d and 897.
39
Suppose 2250 = 8*d - 1982. Let a(k) = -k**3 + 20*k**2 + 3*k - 37. Let s be a(20). Calculate the highest common factor of s and d.
23
Suppose 0 = -45*r + 39*r + 12. Let u(m) = 16*m**2 - 11*m + 18. Let s be u(r). Calculate the greatest common divisor of s and 300.
60
Let b = -14856 - -29646. Calculate the highest common factor of b and 255.
255
Suppose -8 = -2*s, 3*h = 2*s - s + 65. Suppose 19*f = h*f - 1760. What is the greatest common divisor of 11 and f?
11
Suppose -f - 3*p = 2*f + 33, -3*f - 4*p = 35. Let i be (12628/198 - 2/f)/1. What is the greatest common divisor of i and 48?
16
Let i(o) = -410*o**2 - 30*o + 30. Let n be i(1). Let b = n + 626. Calculate the highest common factor of 48 and b.
24
Let u(f) be the first derivative of 9*f**2 - 8*f + 6. Let l be u(-6). Let r = -80 - l. Calculate the greatest common factor of 144 and r.
36
Let a(i) = -9*i + 190. Let q be a(-14). What is the highest common divisor of q and 16?
4
Let l = -42055 - -42108. Suppose 318 = -4*u + 5*u. Calculate the greatest common divisor of l and u.
53
Suppose 15*s = 10*s + 65. Suppose 2*p = -0*p, 0 = 4*a + 4*p - 164. Let b = -28 + a. What is the greatest common factor of b and s?
13
Suppose 1609 + 2079 - 31768 = -45*h. What is the greatest common divisor of h and 1326?
78
Let m be (-2)/(-5) + (-3390)/(-25). Let j = -97 + m. Suppose -4*n - 5*t + 292 = 0, -3*n - 3*t + 222 = -0*n. Calculate the greatest common divisor of n and j.
39
Let c(f) = -17*f**2 - 11*f + 9. Let m(n) = 35*n**2 + 24*n - 18. Let k(r) = -5*c(r) - 2*m(r). Let j be k(2). Calculate the greatest common divisor of 5 and j.
5
Suppose 0 = -3*x - 2*u + 645, 5*x + 11*u - 9*u - 1079 = 0. Calculate the highest common factor of x and 1147.
31
Let p(z) = 18*z - 897. Let s be p(51). Calculate the greatest common divisor of 162 and s.
3
Suppose -5*u = -3*u + 3*a - 33, -2*u = -4*a - 54. Let y(v) = -55*v + 19 + v**2 + 0*v**2 + 68*v. Let j be y(-12). What is the greatest common divisor of j and u?
7
Suppose -3*p - 5*m + 24 = -54, 2*m = 3*p - 99. Let s = 252 - p. Calculate the greatest common factor of s and 26.
13
Suppose -4*u + 604 = -u + w, 3*u + 2*w - 608 = 0. Let b be ((-4)/10)/((-5)/200). Let l = 41 - b. Calculate the greatest common factor of u and l.
25
Let s(n) = -11*n + 6*n - 112 + 10*n + 12*n - 4*n. Let o be s(11). What is the highest common factor of o and 62?
31
Let s be (-35)/(-15)*(-8 + -3 + 2). Let p be 7/(s/2) - 590/(-3). What is the greatest common divisor of p and 56?
28
Suppose 6*i - 4*i - 14 = 0. Let y = i - -73. Suppose 6*d + y = 10*d. Calculate the highest common factor of d and 220.
20
Suppose -162*r + 96234 - 1979 = 8719. What is the highest common factor of 72 and r?
24
Let p be (-27)/(14 + 13) - -460. Calculate the highest common factor of 425 and p.
17
Let j be 4*(1876/(-16) - -7). Let x be 3/(-7) - 3276/j. Calculate the greatest common factor of x and 28.
7
Suppose 5*f = f + 600. Let t be f/35*7/2. What is the greatest common factor of 35 and t?
5
Let j be (4 + -1)*-3*1. Let i = 1 - j. Suppose -145 = -2*n - m, -2*n = -5*m - 83 - 32. Calculate the greatest common divisor of n and i.
10
Suppose o = -5*r + 403, r + 6*o - o = 95. Suppose 2*y + f + 6 = 266, 4*y - 496 = 4*f. What is the highest common factor of y and r?
16
Let r(j) = 7*j**2 + 15*j - 6*j**2 - 7*j - 85. Let s be r(-25). Calculate the greatest common factor of 34 and s.
34
Suppose 0 = -6*h - 5*h - h + 48360. Calculate the highest common factor of h and 39.
13
Let v = 14 + -11. Suppose 1 = -v*d + 3*f + 10, -4*f = 3*d - 44. Suppose 4*q + 65 = 69. What is the greatest common divisor of q and d?
1
Suppose -d - 2*t - 1 = 0, t = -5*d + 4*d - 2. Let a(m) = -7*m + 17. Let w be a(2). Let f be -2 + w - (d - 0). Calculate the greatest common divisor of 28 and f.
4
Suppose -s + 9 = -3*g - 29, -20 = -4*s. Let c be 96/40*330/12. Let y = c + g. Calculate the highest common factor of 5 and y.
5
Let p(z) = 5*z + 6. Let f be p(6). Let b be 67/(-3) - (-2)/(-3). Let s = f + b. Calculate the greatest common factor of 26 and s.
13
Suppose 0 = -5*z - g + 101137 - 22681, -4*z = 4*g - 62784. What is the greatest common factor of z and 6?
6
Let i be (6 - -1) + (16/(64/(-36)))/3. Calculate the greatest common factor of i and 162.
2
Let b(q) = -31*q - 67. Let j be b(-2). Let y be 9/((14/42)/(j/(-3))). Calculate the greatest common divisor of 5 and y.
5
Let k be 2*(1 - 0) + -3. Let q be 4/(-18)*k - (-935)/45. Calculate the greatest common divisor of q and 3.
3
Let r be 1336 + (37 - 39) + -1 + 1. Calculate the greatest common factor of 406 and r.
58
Suppose 5*g = -3*a - 2105, -6*g + 5*g = a + 419. Let z = g + 443. What is the highest common factor of z and 228?
19
Let q = 61 + -85. Let d be (3 + -2)*(7 - q/(-6)). Suppose -d*r + 8*r = 105. What is the greatest common factor of 168 and r?
21
Let m(q) = -q + 2. Let u be m(1). Suppose 3*b + 5*y + 9 = 0, 3*y + u - 4 = b. Let n be (b - -27)*5/((-30)/(-4)). What is the highest common factor of n and 112?
16
Let a be (-16 - -2 - 3) + 5. Let c(m) = -m**3 - 11*m**2 + 12*m + 15. Let n be c(a). Suppose 900 = 5*z - 0. What is the highest common factor of n and z?
15
Let x be (-224)/(-14) - (-46)/1. Let f be 248/((-2)/((-4)/2)). What is the greatest common divisor of x and f?
62
Suppose -223*l - 139*l = -35*l - 45780. Let m(c) = -2*c - 5. Let k be m(-6). Suppose k = p - 7. Calculate the greatest common divisor of p and l.
14
Suppose 1543 + 11868 = 3*a - 5*u, -4*a = -3*u - 17907. What is the highest common factor of 9 and a?
9
Let s(c) = -47*c + 65. Let a(r) = 15*r - 22. Let g(l) = 7*a(l) + 2*s(l). Let f be g(3). What is the highest common factor of 261 and f?
9
Suppose 15*y = 143611 + 121548 + 85631. Calculate the greatest common factor of 22 and y.
22
Let x(i) = -21*i + 309. Let b be x(33). Let c be (-40)/16*b/20. Calculate the greatest common factor of c and 156.
12
Suppose -4*p - 7*r + 20 = -3*r, -10 = -2*p + 2*r. Let n = -171 - -236. Calculate the highest common factor of p and n.
5
Suppose -131*x - 7647 = -43218 - 22331. Calculate the greatest common divisor of x and 793.
13
Let o = -1209 + 1214. What is the greatest common divisor of 4185 and o?
5
Suppose 3*f = -4*q + 109, 13*f - 8*f = -5*q + 175. Calculate the highest common factor of f and 5053.
31
Let x(c) = -8*c + 9*c - 17*c - 23. L